, 2731103
List the prime factors of 25351759.
487, 52057
List the prime factors of 3530466452.
2, 882616613
List the prime factors of 420770860.
2, 5, 29, 271, 2677
List the prime factors of 37185511.
11, 17, 29, 6857
List the prime factors of 139134207.
3, 19, 2440951
What are the prime factors of 22738614?
2, 3, 3789769
What are the prime factors of 44420280?
2, 3, 5, 370169
What are the prime factors of 68897946?
2, 3, 13, 883307
What are the prime factors of 141026562?
2, 3, 2611603
List the prime factors of 153548866.
2, 97, 791489
What are the prime factors of 267614683?
7, 23, 67, 24809
List the prime factors of 41942595.
3, 5, 19, 367, 401
What are the prime factors of 22080729?
3, 11, 669113
List the prime factors of 2882315917.
13, 221716609
What are the prime factors of 266248129?
7, 137, 313, 887
List the prime factors of 5323310.
2, 5, 532331
What are the prime factors of 75870763?
61, 1243783
List the prime factors of 3026051825.
5, 31, 193, 20231
List the prime factors of 47633975.
5, 1905359
What are the prime factors of 9467997?
3, 7, 11, 17, 2411
List the prime factors of 426207792.
2, 3, 41, 216569
What are the prime factors of 446101750?
2, 5, 467, 3821
List the prime factors of 1081259656.
2, 6257, 21601
List the prime factors of 193768633.
29, 6681677
What are the prime factors of 1291565102?
2, 645782551
List the prime factors of 4510308.
2, 3, 11, 47, 727
List the prime factors of 1747308949.
61, 331, 86539
What are the prime factors of 112043341?
227, 493583
List the prime factors of 1212025865.
5, 19, 12758167
List the prime factors of 63198888.
2, 3, 29, 90803
What are the prime factors of 8941569954?
2, 3, 61, 193, 126583
What are the prime factors of 121626396?
2, 3, 463, 7297
List the prime factors of 2893577684.
2, 17, 101, 421313
What are the prime factors of 96512511?
3, 43, 307, 2437
What are the prime factors of 210686302?
2, 23, 163, 28099
List the prime factors of 27100353.
3, 7, 347, 3719
What are the prime factors of 718770895?
5, 53, 107, 25349
List the prime factors of 6360492.
2, 3, 530041
What are the prime factors of 46466471?
73, 83, 7669
What are the prime factors of 3049801773?
3, 157, 6475163
What are the prime factors of 317913408?
2, 3, 551933
List the prime factors of 53359127.
71, 353, 2129
List the prime factors of 15563580.
2, 3, 5, 47, 5519
List the prime factors of 251116651.
131, 1916921
List the prime factors of 4549709875.
5, 5623, 6473
What are the prime factors of 82636537?
82636537
What are the prime factors of 4411873988?
2, 1102968497
What are the prime factors of 16675356?
2, 3, 41, 33893
What are the prime factors of 38454139?
257, 149627
List the prime factors of 174243916.
2, 7, 11, 565727
List the prime factors of 513809942.
2, 311, 826061
List the prime factors of 519870657.
3, 2917, 59407
List the prime factors of 31179954.
2, 3, 13, 103, 3881
What are the prime factors of 85858908?
2, 3, 17, 23, 29, 631
List the prime factors of 50058690.
2, 3, 5, 11, 151693
List the prime factors of 1556774020.
2, 5, 77838701
What are the prime factors of 40989021?
3, 271, 50417
What are the prime factors of 165153843?
3, 1693, 3613
What are the prime factors of 1175787499?
31, 37928629
List the prime factors of 716206124.
2, 17, 61, 172663
List the prime factors of 1114379410.
2, 5, 17, 6555173
What are the prime factors of 1524245?
5, 304849
What are the prime factors of 196498485?
3, 5, 4366633
List the prime factors of 208249198.
2, 47, 2215417
What are the prime factors of 5748753?
3, 1916251
List the prime factors of 463023873.
3, 13, 71, 139, 401
List the prime factors of 40464616.
2, 467, 10831
What are the prime factors of 73277374?
2, 29, 1263403
What are the prime factors of 9072524699?
7, 1296074957
List the prime factors of 80366112.
2, 3, 173, 1613
What are the prime factors of 366427232?
2, 419, 27329
What are the prime factors of 11616395?
5, 7, 331897
What are the prime factors of 1451432169?
3, 11, 4886977
List the prime factors of 232830113.
17, 53, 258413
List the prime factors of 196886094.
2, 3, 19, 1727071
List the prime factors of 728152607.
7, 13, 23, 347899
List the prime factors of 12134941.
7, 13, 133351
List the prime factors of 175743419.
3373, 52103
List the prime factors of 449593842.
2, 3, 74932307
What are the prime factors of 692021765?
5, 97, 193, 7393
List the prime factors of 131189321.
131189321
List the prime factors of 35885002.
2, 1103, 16267
What are the prime factors of 31783363?
71, 449, 997
What are the prime factors of 1538851588?
2, 384712897
List the prime factors of 30480053.
61, 499673
What are the prime factors of 739298209?
13, 491, 115823
What are the prime factors of 1477752730?
2, 5, 147775273
List the prime factors of 1122132421.
73, 15371677
List the prime factors of 23617655.
5, 37, 127663
List the prime factors of 7929494289.
3, 2729, 322849
List the prime factors of 280943249.
109, 641, 4021
List the prime factors of 447513793.
13367, 33479
List the prime factors of 18940037.
18940037
List the prime factors of 71628073.
11, 31, 210053
List the prime factors of 170215453.
6547, 25999
What are the prime factors of 708747864?
2, 3, 11, 2684651
List the prime factors of 1957559533.
911, 2148803
List the prime factors of 51566313.
3, 17188771
What are the prime factors of 928796?
2, 11, 19, 101
What are the prime factors of 78775339?
29, 61, 44531
List the prime factors of 55370948.
2, 13842737
What are the prime factors of 2073959753?
1109, 1870117
List the prime factors of 4728856173.
3, 19, 82962389
What are the prime factors of 32312552?
2, 4039069
List the prime factors of 491763164.
2, 3083, 39877
List the prime factors of 1013634116.
2, 11, 19, 53, 22877
List the prime factors of 983612933.
691, 1423463
List the prime factors of 45401735.
5, 19, 477913
What are the prime factors of 338259609?
3, 5903, 6367
List the prime factors of 1366510.
2, 5, 136651
List the prime factors of 75678234.
2, 3, 23, 548393
List the prime factors of 72811734.
2, 3, 12135289
What are the prime factors of 1233920391?
3, 11, 29, 1289363
What are the prime factors of 4645945551?
3, 13, 29, 141649
What are the prime factors of 429894369?
3, 1087, 43943
List the prime factors of 214357489.
9029, 23741
List the prime factors of 255766372.
2, 19, 1093, 3079
What are the prime factors of 95036499?
3, 19, 29251
List the prime factors of 7409992.
2, 31, 29879
What are the prime factors of 15388053?
3, 5129351
What are the prime factors of 1297147658?
2, 73, 1499, 5927
What are the prime factors of 136733974?
2, 13, 5258999
What are the prime factors of 54564648?
2, 3, 23, 98849
What are the prime factors of 9074222?
2, 4537111
List the prime factors of 1613178951.
3, 2657, 202381
What are the prime factors of 362014073?
362014073
What are the prime factors of 79953612?
2, 3, 23, 127, 2281
What are the prime factors of 314999393?
16253, 19381
List the prime factors of 73554474.
2, 3, 7, 59, 29683
List the prime factors of 526622393.
11, 47874763
List the prime factors of 85733986.
2, 13, 3297461
What are the prime factors of 2121596106?
2, 3, 7, 50514193
List the prime factors of 142499279.
13, 149, 5659
List the prime factors of 301739734.
2, 457, 330131
What are the prime factors of 45562395?
3, 5, 977, 3109
List the prime factors of 1732651503.
3, 11, 37, 43, 61, 541
List the prime factors of 91733355.
3, 5, 7, 291217
What are the prime factors of 168171373?
31, 5424883
What are the prime factors of 33706361?
13, 19, 136463
What are the prime factors of 34337984?
2, 536531
List the prime factors of 243202292.
2, 60800573
What are the prime factors of 152411?
7, 21773
List the prime factors of 3429741484.
2, 13, 409, 161263
What are the prime factors of 265185536?
2, 7, 11, 1223
What are the prime factors of 9989779?
9989779
What are the prime factors of 2067393284?
2, 11, 2341, 20071
List the prime factors of 38400766.
2, 19200383
What are the prime factors of 1712536971?
3, 29, 37, 532009
List the prime factors of 1549982152.
2, 19, 2053, 4967
List the prime factors of 153543527.
31, 61, 81197
List the prime factors of 2477076817.
17, 83, 1109, 1583
List the prime factors of 36008441.
7, 419, 12277
List the prime factors of 51091761.
3, 7, 347563
L